. List the prime factors of x.
677
Let g = 60 - -486. Suppose 586*v = 587*v - g. What are the prime factors of v?
2, 3, 7, 13
Let n(w) = 1549*w**2 - w + 32. What are the prime factors of n(3)?
2, 5, 11, 127
Suppose 0 = -2*p - 72*p - 115990 + 656708. What are the prime factors of p?
7307
Let i = 740 - 738. Suppose -3*l + 1996 = 3*o - 983, 0 = 3*l + i*o - 2980. List the prime factors of l.
2, 7, 71
Let b = 13288 + 40976. What are the prime factors of b?
2, 3, 7, 17, 19
Let c be (2/(-3))/((-14)/12 - -1). Let o be (10/(-15))/(c/(-2520)). Suppose -21*k = -16*k - o. What are the prime factors of k?
2, 3, 7
Suppose 3*w = -4*k - 20, 5*w + k + 16 = -6. Let j be (7/(-2) + 2)/((-4)/8). What are the prime factors of (41 - w)*5/j?
3, 5
Suppose 10*a = 259856 + 131204. List the prime factors of a.
2, 19553
Suppose 4*n + f = 22 + 3, 5*n - f - 29 = 0. Let v be 12/8*4/n. Suppose -47 = -3*t + v. List the prime factors of t.
2
Suppose 2053 = 7*j - 1601. Suppose j + 147 = 3*y. What are the prime factors of y?
223
Let g(p) = -93*p - 3. Suppose 0*a + 12 = 4*a - 2*m, m = 5*a - 21. Let t = -6 + a. What are the prime factors of g(t)?
2, 3, 5
Let v(g) be the third derivative of 71*g**4/24 + g**3/2 + 8*g**2. List the prime factors of v(3).
2, 3
Let t = -17427 + 29077. List the prime factors of t.
2, 5, 233
Let j = -5958 - -20151. What are the prime factors of j?
3, 19, 83
Suppose 77*k + 446149 = 881834 + 873315. List the prime factors of k.
2, 5, 17
Let b = -53 - -161. Let c = -104 + b. Suppose c*n + n + 1065 = 5*g, -5*g = 2*n - 1093. List the prime factors of g.
7, 31
Let k(g) = 184*g**2 + 93*g + 531. List the prime factors of k(-18).
3, 73, 89
Let m = 97 - 77. What are the prime factors of -270*(-1*(-52)/m - 3)?
2, 3
Suppose 3*a - 9*h = -7*h + 47, -66 = -4*a + h. Suppose a*l = 5*l + 6972. List the prime factors of l.
7, 83
Suppose 93*f - 677688 = 491973 + 656022. What are the prime factors of f?
67, 293
Suppose 0 = 5*c + 2*w - 484, c - 2*w + 7 = 99. List the prime factors of (c - 73)/(2 - (-117)/(-59)).
23, 59
Let v be (-27)/(-7) + -4 + 100/14. Suppose v*x - 3*x - 208 = 0. Let f = 112 - x. List the prime factors of f.
2, 3, 5
Suppose -j - 2*z - 1 = 3, 4*j = 3*z + 6. Let u be j + (4 + 0 - 4). Suppose t = -u*t + 42. What are the prime factors of t?
2, 3, 7
Suppose -46*i - 23*i + 1110147 = 88*i. List the prime factors of i.
3, 2357
Let w(b) = b**3 + 3*b**2 - 3*b. Let s be w(-3). Let t(k) = 48*k - 44. What are the prime factors of t(s)?
2, 97
Suppose -u - 90 = 40. Let w = 134 + u. Suppose w*q + 115 = 1303. List the prime factors of q.
3, 11
Let h(d) be the third derivative of d**6/60 - 17*d**5/60 + 7*d**4/24 + 2*d**3/3 - 99*d**2. What are the prime factors of h(10)?
2, 11, 17
Let b = 79712 + -46295. List the prime factors of b.
3, 47, 79
Suppose -3*h = t - 4, 3*t - 4*h = h + 12. Let r(f) = -107*f**2 + 3*f - 1. Let y be r(1). List the prime factors of ((t - 2) + y)*-1.
103
Let h be (2 - 2/(-1)) + -4. Suppose 0 = -i + 2*i + m, h = i + 3*m + 8. Suppose 5*s + i*g + 55 = 227, 3*s - g = 93. List the prime factors of s.
2
Let a(o) = 108*o + 279. What are the prime factors of a(44)?
3, 13, 43
Suppose r + 0*c - c - 13951 = 0, 0 = 2*r - 3*c - 27899. What are the prime factors of r?
2, 6977
Suppose -14*z = -47 + 5. Suppose -q + z*c + 416 = 0, -2*q - 4*c + 624 + 158 = 0. List the prime factors of q.
401
Suppose -3*g = 2*r - 14, -r - 1 = -3*g + 1. Suppose 16 = -4*t, 3*h + 2 = -r*t + 7. Let z(j) = -j**3 + 10*j**2 - 7*j - 4. List the prime factors of z(h).
2, 47
Suppose -4*j + 6085 = -4723. What are the prime factors of j?
2, 7, 193
Suppose -2*s = -0*s - 4. Suppose -3*u + 5 = -s*u. Suppose 0 = -u*i + 494 - 84. What are the prime factors of i?
2, 41
Suppose -96 = y - 420. Suppose -n = 11*n - y. List the prime factors of n.
3
Suppose -11596 = -l - 5*h, 1092*l + h = 1091*l + 11572. List the prime factors of l.
2, 5783
Let b = 3905 + -2297. List the prime factors of b.
2, 3, 67
Suppose 5*x - 21 = -j, 5*x - 2*j - 2 = 31. Suppose 10*m + x*m - 17730 = 0. What are the prime factors of m?
2, 3, 197
Let x(i) = -46063*i + 1270. What are the prime factors of x(-1)?
11, 13, 331
Let v(h) = 2*h**2 + 5*h - 41. Let s be v(4). Let c(k) = 5*k - 2 + s*k + 20 + 3. List the prime factors of c(9).
3, 5, 11
Suppose -n + 23305 = -5*h, -5*n = h - 148415 + 32020. List the prime factors of n.
2, 3, 5, 97
Suppose 4*o + 175 = m, 3*m - 32 = -3*o - 182. Let f = 40 + o. Let l(v) = v**3 + 5*v**2 - 10*v - 3. What are the prime factors of l(f)?
47
Let y(g) = -7*g**2 + 4*g - 1. Let p be y(5). Let x be (-24)/p + (-386)/(-26). Let u = -13 + x. What are the prime factors of u?
2
Suppose 8820 = 2*a + 2*z, 22086 = -5*a + 10*a - 4*z. What are the prime factors of a?
2, 2207
Suppose 0 = -2*p + n - 2, -8 = 5*n + 2. What are the prime factors of 1*(p/5 - 7104/(-60))?
2, 59
Suppose 0 = -3*m - m - 4*t + 20, 11 = 3*m + 2*t. List the prime factors of 1013/7 - m - (-32)/112.
2, 3
Let f be 5 - (0 + -5 + -1). Suppose 0 = -f*r + 28*r - 6188. List the prime factors of r.
2, 7, 13
Let x be ((-4)/(-3))/(((-20)/(-6))/5). Suppose d - 5*h + 120 = -h, -x*d - 2*h - 260 = 0. Let k = 182 + d. What are the prime factors of k?
2, 3
Suppose -58*z - 44515 = -3471909. What are the prime factors of z?
59093
Let x(o) = -2*o**3 + 8*o**2 - 8*o + 6. Let p be x(3). Suppose 15*t - 28481 - 109 = p. What are the prime factors of t?
2, 953
Let l(v) = -6413*v - 57. List the prime factors of l(-4).
5, 5119
Let f(z) = -20*z**3 + 33*z**2 + z - 5. List the prime factors of f(-2).
3, 5, 19
Suppose -4*n - 22392 = -8*n + 5*d, 4*d + 27999 = 5*n. List the prime factors of n.
13, 431
Let w(a) = -32*a**2 + 4*a + 1. Let b be w(-5). Let c = -477 - b. Suppose -180 = -d - 4*q, -c - 147 = -3*d + 5*q. List the prime factors of d.
2, 3, 7
Suppose 6*j - 2*p - 45330 = 0, 13*p = 3*j + 9*p - 22665. What are the prime factors of j?
5, 1511
Let v(t) = 3829*t**2 - 1062*t**2 + 2326*t**2 + 3 - 4*t + 0. Let z be v(1). What are the prime factors of z/26 - (-6)/39?
2, 7
Let m(i) = 37*i + 2. Let a be m(-2). Let j be 3/(a/54*9/(-16)). Suppose j*s - 5*s - b = -164, -3*b - 3 = 0. What are the prime factors of s?
3, 5, 11
Let b(d) = -211*d + 110. Let f be b(5). Let n = -665 - f. List the prime factors of n.
2, 5, 7
Suppose 2*h - 5*w - 7 = 76, -2*w + 19 = h. Let i = -23 + h. Suppose -5*a + 4*c + 525 = 0, -5*a = -i*a + 2*c + 105. What are the prime factors of a?
3, 5, 7
Let r = -15 - -41. Suppose 4*x - r = -0*x - 2*h, 2*x - h - 7 = 0. Suppose -4*f + 94 = -2*y, -x*f + y + 122 = -0*y. What are the prime factors of f?
5
Suppose 133*a - 69*a - 832167 = -83*a. What are the prime factors of a?
3, 17, 37
Let g(m) = -m**3 + 51*m**2 - 7*m + 451. List the prime factors of g(51).
2, 47
Suppose i + 1 = 0, -i + 78 = r + 4*i. Suppose -86*z + 1224 = -r*z. What are the prime factors of z?
2, 3, 17
Suppose 3*j + 4*l = 617, 30*j - 2*l - 416 = 28*j. Let d = 597 + j. What are the prime factors of d?
2, 3, 67
Let c = 333 - 234. What are the prime factors of 1/3*(-11)/(c/(-11259))?
3, 139
Let n(h) = 5*h - 39. Let u(i) = -2*i + 41. Let p(x) = -6*n(x) - 5*u(x). What are the prime factors of p(-34)?
709
Suppose n = 2*h - 3*n + 14, 0 = -3*h - 2*n + 3. Let z be (-2)/(-7) - (17 + 672/(-49)). List the prime factors of h - (-7 - (z + 1)).
2
Let k(s) = 467*s - 91. Let g be k(4). Let u = g + -1009. List the prime factors of u.
2, 3
Let j(u) = -u**3 + 54*u**2 - 99*u + 2029. List the prime factors of j(23).
31, 521
List the prime factors of (25/3)/(-5 + 8958/1791).
5, 199
Suppose 44*w - 7 = 45*w. List the prime factors of (306 - (w - -6)) + 5.
2, 3, 13
Suppose -5728 = -10*a - 968. Suppose -v + a = 3*y, 3*y = -3*v + 454 + 26. List the prime factors of y.
2, 79
Let b(x) = -2*x**3 - 53*x**2 + 3*x + 34. List the prime factors of b(-32).
2, 3, 1867
Let v = 140 - -89. Let d = v - 180. List the prime factors of d.
7
Suppose 51 = -4*l - n, -2*l - 4*n + 3 = 11. Let p = 29 + l. Suppose -3*y = -p - 9. What are the prime factors of y?
2
Let b(i) = -i**3 - 75*i**2 - 22*i - 5. List the prime factors of b(-76).
3, 827
Let c(o) = -o**3 - 15*o**2 - 13*o + 20. Let f be c(-14). Suppose -11*l = -f*l. Suppose l = -2*h + 6, -p + 20 = -5*h - 21. What are the prime factors of p?
2, 7
Suppose 4*t + 2*g - 32027 - 11981 = 0, 3*t = -5*g + 33006. List the pri